f 5781 and 2583.
123
What is the greatest common divisor of 407 and 148?
37
What is the greatest common factor of 5301 and 19?
19
What is the highest common factor of 116 and 4?
4
Calculate the highest common factor of 52 and 78.
26
Calculate the greatest common factor of 105 and 140.
35
What is the greatest common factor of 360 and 576?
72
What is the greatest common divisor of 16368 and 33?
33
What is the highest common factor of 794 and 4?
2
What is the greatest common factor of 69 and 1104?
69
What is the greatest common divisor of 8 and 400?
8
What is the highest common factor of 300 and 10560?
60
What is the greatest common factor of 63 and 1611?
9
What is the greatest common divisor of 16 and 56?
8
What is the highest common factor of 31876 and 52?
52
Calculate the highest common factor of 912 and 144.
48
What is the greatest common divisor of 5920 and 74?
74
What is the highest common factor of 26 and 4706?
26
What is the highest common factor of 72 and 54?
18
What is the highest common divisor of 3670 and 20?
10
Calculate the highest common factor of 837 and 279.
279
Calculate the greatest common divisor of 135 and 30.
15
Calculate the highest common factor of 113 and 452.
113
What is the highest common factor of 341 and 55?
11
What is the highest common factor of 15 and 6?
3
What is the greatest common divisor of 364 and 1729?
91
What is the greatest common factor of 2261 and 5453?
133
Calculate the greatest common divisor of 512 and 40.
8
Calculate the highest common divisor of 50 and 94.
2
What is the greatest common divisor of 38 and 608?
38
Calculate the greatest common divisor of 169 and 26.
13
What is the greatest common divisor of 4890 and 30?
30
Calculate the greatest common factor of 43 and 2881.
43
What is the highest common divisor of 260 and 60?
20
What is the highest common factor of 24 and 13256?
8
Calculate the greatest common divisor of 299 and 46.
23
What is the highest common divisor of 5 and 10?
5
What is the greatest common factor of 1147 and 62?
31
Calculate the highest common divisor of 84 and 1904.
28
Calculate the greatest common factor of 2 and 19.
1
What is the highest common divisor of 4037 and 11?
11
Calculate the greatest common factor of 2977 and 26.
13
What is the highest common factor of 141 and 10011?
141
What is the greatest common divisor of 662 and 8?
2
Calculate the highest common divisor of 147 and 63.
21
What is the highest common factor of 60 and 36?
12
Calculate the greatest common factor of 756 and 28.
28
Calculate the greatest common divisor of 28 and 77.
7
What is the greatest common factor of 40 and 440?
40
Calculate the greatest common factor of 2116 and 322.
46
Calculate the greatest common divisor of 266 and 14.
14
What is the greatest common divisor of 765 and 25?
5
What is the greatest common factor of 45 and 36?
9
What is the greatest common factor of 1274 and 371?
7
What is the highest common divisor of 1 and 17?
1
Calculate the highest common factor of 59 and 4189.
59
Calculate the greatest common divisor of 24 and 10932.
12
Calculate the highest common divisor of 950 and 152.
38
Calculate the greatest common divisor of 6 and 129.
3
Calculate the greatest common divisor of 76 and 608.
76
What is the highest common divisor of 688 and 88?
8
What is the highest common factor of 42 and 406?
14
What is the highest common divisor of 16 and 1664?
16
What is the highest common factor of 18507 and 199?
199
Calculate the highest common divisor of 42711 and 69.
69
Calculate the greatest common divisor of 1161 and 54.
27
What is the greatest common divisor of 24 and 32?
8
Calculate the greatest common factor of 1022 and 803.
73
What is the highest common factor of 16 and 512?
16
What is the greatest common factor of 343 and 539?
49
What is the highest common divisor of 483 and 567?
21
What is the highest common factor of 156 and 3484?
52
Calculate the greatest common divisor of 188 and 4.
4
Calculate the highest common divisor of 66 and 8250.
66
What is the greatest common divisor of 9 and 4122?
9
Calculate the highest common divisor of 20 and 8.
4
Calculate the greatest common factor of 4002 and 2484.
138
Calculate the highest common factor of 4170 and 139.
139
Calculate the highest common divisor of 4997 and 19.
19
What is the greatest common divisor of 10 and 130?
10
Calculate the greatest common factor of 15 and 140.
5
Calculate the highest common divisor of 88 and 1012.
44
What is the greatest common factor of 400 and 880?
80
What is the highest common factor of 2600 and 104?
104
Calculate the greatest common divisor of 5 and 245.
5
Calculate the greatest common factor of 19 and 304.
19
Calculate the highest common divisor of 171 and 627.
57
What is the highest common divisor of 6962 and 649?
59
Calculate the highest common divisor of 51 and 33.
3
What is the highest common factor of 1026 and 38?
38
What is the greatest common factor of 208 and 3224?
104
What is the highest common divisor of 75 and 100?
25
What is the highest common divisor of 2000 and 24?
8
What is the greatest common factor of 384 and 276?
12
Calculate the highest common divisor of 360 and 315.
45
Calculate the greatest common divisor of 22264 and 368.
184
Calculate the greatest common factor of 1647 and 27.
27
Calculate the greatest common factor of 115 and 13915.
115
Calculate the highest common factor of 38178 and 1134.
378
What is the greatest common divisor of 448 and 28?
28
Calculate the highest common divisor of 3058 and 44.
22
Calculate the greatest common divisor of 384 and 36.
12
Calculate the highest common divisor of 50 and 440.
10
Calculate the highest common divisor of 190 and 2185.
95
What is the greatest common divisor of 2 and 394?
2
What is the greatest common factor of 25 and 1975?
25
What is the greatest common factor of 70 and 1358?
14
Calculate the greatest common divisor of 7387 and 83.
83
Calculate the greatest common divisor of 135 and 10611.
27
What is the highest common divisor of 21279 and 246?
123
Calculate the greatest common divisor of 85 and 10.
5
What is the highest common factor of 12 and 1104?
12
What is the highest common divisor of 720 and 2790?
90
What is the greatest common factor of 330 and 7942?
22
Calculate the greatest common divisor of 16748 and 424.
212
What is the highest common factor of 390 and 26?
26
Calculate the highest common divisor of 999 and 185.
37
Calculate the highest common divisor of 3264 and 1360.
272
What is the greatest common factor of 2256 and 336?
48
What is the greatest common divisor of 1067 and 55?
11
Calculate the greatest common factor of 19 and 112081.
19
What is the greatest common divisor of 39 and 104?
13
Calculate the greatest common factor of 2565 and 190.
95
Calculate the greatest common divisor of 5274 and 1465.
293
Calculate the greatest common factor of 159 and 3392.
53
Calculate the greatest common divisor of 688 and 48.
16
What is the greatest common divisor of 12 and 12336?
12
What is the greatest common divisor of 88 and 536?
8
Calculate the highest common factor of 6 and 18654.
6
Calculate the greatest common factor of 104 and 260.
52
Calculate the highest common divisor of 301 and 7.
7
What is the greatest common divisor of 385 and 1485?
55
What is the greatest common divisor of 204 and 153?
51
What is the greatest common factor of 3 and 444?
3
What is the highest common divisor of 19693 and 47?
47
What is the greatest common divisor of 172 and 43?
43
Calculate the highest common factor of 294 and 22834.
98
What is the greatest common factor of 494 and 57?
19
What is the greatest common factor of 189 and 13293?
63
Calculate the highest common factor of 92 and 4.
4
Calculate the highest common factor of 30 and 37845.
15
What is the greatest common factor of 396 and 231?
33
What is the greatest common divisor of 5 and 1?
1
Calculate the greatest common divisor of 56 and 952.
56
Calculate the greatest common divisor of 128 and 288.
32
What is the greatest common divisor of 2864 and 895?
179
What is the greatest common divisor of 169 and 104?
13
What is the highest common factor of 21 and 2163?
21
Calculate the highest common divisor of 238 and 306.
34
Calculate the highest common factor of 45 and 265.
5
What is the highest common di